{"id":1080,"date":"2022-04-23T07:20:58","date_gmt":"2022-04-23T07:20:58","guid":{"rendered":"https:\/\/www.kyhy.fi\/?page_id=1080"},"modified":"2022-04-23T07:32:37","modified_gmt":"2022-04-23T07:32:37","slug":"eloa-ja-iloa-kaakkois-suomeen","status":"publish","type":"page","link":"https:\/\/www.kyhy.fi\/index.php\/eloa-ja-iloa-kaakkois-suomeen\/","title":{"rendered":"Eloa ja iloa Kaakkois-Suomeen"},"content":{"rendered":"\n<figure class=\"wp-block-image size-large\"><img loading=\"lazy\" decoding=\"async\" width=\"1024\" height=\"576\" src=\"http:\/\/www.kyhy.fi\/wp-content\/uploads\/2022\/04\/eloajailoa_fbylakuva-1024x576.jpg\" alt=\"\" class=\"wp-image-1081\" srcset=\"https:\/\/www.kyhy.fi\/wp-content\/uploads\/2022\/04\/eloajailoa_fbylakuva-1024x576.jpg 1024w, https:\/\/www.kyhy.fi\/wp-content\/uploads\/2022\/04\/eloajailoa_fbylakuva-300x169.jpg 300w, https:\/\/www.kyhy.fi\/wp-content\/uploads\/2022\/04\/eloajailoa_fbylakuva-768x432.jpg 768w, https:\/\/www.kyhy.fi\/wp-content\/uploads\/2022\/04\/eloajailoa_fbylakuva-1536x864.jpg 1536w, https:\/\/www.kyhy.fi\/wp-content\/uploads\/2022\/04\/eloajailoa_fbylakuva.jpg 1920w\" sizes=\"(max-width: 767px) 89vw, (max-width: 1000px) 54vw, (max-width: 1071px) 543px, 580px\" \/><\/figure>\n\n\n\n<p><strong><a rel=\"noreferrer noopener\" href=\"https:\/\/www.xamk.fi\/tutkimus-ja-kehitys\/eloa-ja-iloa-kaakkois-suomeen\/\" data-type=\"URL\" data-id=\"https:\/\/www.xamk.fi\/tutkimus-ja-kehitys\/eloa-ja-iloa-kaakkois-suomeen\/\" target=\"_blank\">Eloa ja iloa Kaakkois-Suomeen &#8211; Kulttuurista hyvinvointia kuntalaisille<\/a><\/strong><br>Alueellinen kehitt\u00e4misteht\u00e4v\u00e4 kahden maakunnan alueella;<br>Kymenlaakso ja Etel\u00e4-Karjala, ajalla 1.1.2020 \u2013 28.2.2022<br><br>Eloa ja iloa Kaakkois-Suomeen eli Kulttuurista hyvinvointia kuntalaisille oli vuosien 2020-22 aikana toteutettu alueellinen, OKM-rahoitteinen kehitt\u00e4misteht\u00e4v\u00e4 Kymenlaaksossa ja Etel\u00e4-Karjalassa. P\u00e4\u00e4tavoite oli kehitt\u00e4\u00e4 luovan alan, taiteen ja kulttuurin yhteistoimintaa sek\u00e4 toimintamalleja, jotta kulttuuripalvelut ja muu toiminta edist\u00e4\u00e4 entist\u00e4 paremmin kuntalaisten hyvinvointia, terveytt\u00e4 ja osallisuutta. Toiminnan kehitt\u00e4misess\u00e4 kiinnitettiin erityist\u00e4 huomiota niihin kuntalaisiin ja ryhmiin, joilla voi olla vaikeuksia saavuttaa haluamiaan kulttuuripalveluja. Toiminta perustui vuonna 2019 uudistuneeseen kuntien kulttuurilakiin. Toteutus ammattikorkeakoulut XAMK ja LAB.<\/p>\n","protected":false},"excerpt":{"rendered":"<p>Eloa ja iloa Kaakkois-Suomeen &#8211; Kulttuurista hyvinvointia kuntalaisilleAlueellinen kehitt\u00e4misteht\u00e4v\u00e4 kahden maakunnan alueella;Kymenlaakso ja Etel\u00e4-Karjala, ajalla 1.1.2020 \u2013 28.2.2022 Eloa ja &hellip; <\/p>\n<p class=\"link-more\"><a href=\"https:\/\/www.kyhy.fi\/index.php\/eloa-ja-iloa-kaakkois-suomeen\/\" class=\"more-link\">Continue reading<span class=\"screen-reader-text\"> &#8221;Eloa ja iloa Kaakkois-Suomeen&#8221;<\/span><\/a><\/p>\n","protected":false},"author":2,"featured_media":0,"parent":0,"menu_order":0,"comment_status":"closed","ping_status":"closed","template":"","meta":{"footnotes":""},"_links":{"self":[{"href":"https:\/\/www.kyhy.fi\/index.php\/wp-json\/wp\/v2\/pages\/1080"}],"collection":[{"href":"https:\/\/www.kyhy.fi\/index.php\/wp-json\/wp\/v2\/pages"}],"about":[{"href":"https:\/\/www.kyhy.fi\/index.php\/wp-json\/wp\/v2\/types\/page"}],"author":[{"embeddable":true,"href":"https:\/\/www.kyhy.fi\/index.php\/wp-json\/wp\/v2\/users\/2"}],"replies":[{"embeddable":true,"href":"https:\/\/www.kyhy.fi\/index.php\/wp-json\/wp\/v2\/comments?post=1080"}],"version-history":[{"count":2,"href":"https:\/\/www.kyhy.fi\/index.php\/wp-json\/wp\/v2\/pages\/1080\/revisions"}],"predecessor-version":[{"id":1101,"href":"https:\/\/www.kyhy.fi\/index.php\/wp-json\/wp\/v2\/pages\/1080\/revisions\/1101"}],"wp:attachment":[{"href":"https:\/\/www.kyhy.fi\/index.php\/wp-json\/wp\/v2\/media?parent=1080"}],"curies":[{"name":"wp","href":"https:\/\/api.w.org\/{rel}","templated":true}]}}