{"id":1128,"date":"2022-04-27T02:27:34","date_gmt":"2022-04-27T02:27:34","guid":{"rendered":"https:\/\/www.kyhy.fi\/?page_id=1128"},"modified":"2022-04-27T02:27:34","modified_gmt":"2022-04-27T02:27:34","slug":"kuusaan-bandi","status":"publish","type":"page","link":"https:\/\/www.kyhy.fi\/index.php\/kuusaan-bandi\/","title":{"rendered":"Kuusaan B\u00e4ndi"},"content":{"rendered":"\n<figure class=\"wp-block-image size-large\"><img loading=\"lazy\" decoding=\"async\" width=\"1024\" height=\"716\" src=\"http:\/\/www.kyhy.fi\/wp-content\/uploads\/2022\/04\/kuusaanbandkuva-1024x716.png\" alt=\"\" class=\"wp-image-1129\" srcset=\"https:\/\/www.kyhy.fi\/wp-content\/uploads\/2022\/04\/kuusaanbandkuva-1024x716.png 1024w, https:\/\/www.kyhy.fi\/wp-content\/uploads\/2022\/04\/kuusaanbandkuva-300x210.png 300w, https:\/\/www.kyhy.fi\/wp-content\/uploads\/2022\/04\/kuusaanbandkuva-768x537.png 768w, https:\/\/www.kyhy.fi\/wp-content\/uploads\/2022\/04\/kuusaanbandkuva.png 1486w\" sizes=\"(max-width: 767px) 89vw, (max-width: 1000px) 54vw, (max-width: 1071px) 543px, 580px\" \/><\/figure>\n\n\n\n<p>Kuusaan B\u00e4ndi on perustettu 1970-luvun alussa ja yhtye on ehtinyt esiinty\u00e4 erilaisilla kokoonpanoilla Kuusankosken kirkolta Finlandia-talolle asti.<\/p>\n\n\n\n<p>Kuusaan B\u00e4ndi esitt\u00e4\u00e4 niin hengellisi\u00e4 lauluja kuin reippaampaa humppaa tai r\u00e4ppi\u00e4, huomioiden tilanteen, jossa esiintyy.<br><br>Puh. 040 5563786 <br><a href=\"mailto:kuusaan.mediat@gmail.com\">kuusaan.mediat@gmail.com<\/a>  <br><a rel=\"noreferrer noopener\" href=\"https:\/\/www.youtube.com\/channel\/UCDVryr3IszcQf0_gUROXyAw\" data-type=\"URL\" data-id=\"https:\/\/www.youtube.com\/channel\/UCDVryr3IszcQf0_gUROXyAw\" target=\"_blank\">Kuusaan Radio &#8211; YouTube<\/a><\/p>\n","protected":false},"excerpt":{"rendered":"<p>Kuusaan B\u00e4ndi on perustettu 1970-luvun alussa ja yhtye on ehtinyt esiinty\u00e4 erilaisilla kokoonpanoilla Kuusankosken kirkolta Finlandia-talolle asti. Kuusaan B\u00e4ndi esitt\u00e4\u00e4 &hellip; <\/p>\n<p class=\"link-more\"><a href=\"https:\/\/www.kyhy.fi\/index.php\/kuusaan-bandi\/\" class=\"more-link\">Continue reading<span class=\"screen-reader-text\"> &#8221;Kuusaan B\u00e4ndi&#8221;<\/span><\/a><\/p>\n","protected":false},"author":2,"featured_media":0,"parent":0,"menu_order":0,"comment_status":"closed","ping_status":"closed","template":"","meta":{"footnotes":""},"_links":{"self":[{"href":"https:\/\/www.kyhy.fi\/index.php\/wp-json\/wp\/v2\/pages\/1128"}],"collection":[{"href":"https:\/\/www.kyhy.fi\/index.php\/wp-json\/wp\/v2\/pages"}],"about":[{"href":"https:\/\/www.kyhy.fi\/index.php\/wp-json\/wp\/v2\/types\/page"}],"author":[{"embeddable":true,"href":"https:\/\/www.kyhy.fi\/index.php\/wp-json\/wp\/v2\/users\/2"}],"replies":[{"embeddable":true,"href":"https:\/\/www.kyhy.fi\/index.php\/wp-json\/wp\/v2\/comments?post=1128"}],"version-history":[{"count":2,"href":"https:\/\/www.kyhy.fi\/index.php\/wp-json\/wp\/v2\/pages\/1128\/revisions"}],"predecessor-version":[{"id":1131,"href":"https:\/\/www.kyhy.fi\/index.php\/wp-json\/wp\/v2\/pages\/1128\/revisions\/1131"}],"wp:attachment":[{"href":"https:\/\/www.kyhy.fi\/index.php\/wp-json\/wp\/v2\/media?parent=1128"}],"curies":[{"name":"wp","href":"https:\/\/api.w.org\/{rel}","templated":true}]}}