{"id":1188,"date":"2022-05-08T04:14:32","date_gmt":"2022-05-08T04:14:32","guid":{"rendered":"https:\/\/www.kyhy.fi\/?page_id=1188"},"modified":"2022-05-08T04:21:49","modified_gmt":"2022-05-08T04:21:49","slug":"hyvinvointialue","status":"publish","type":"page","link":"https:\/\/www.kyhy.fi\/index.php\/hyvinvointialue\/","title":{"rendered":"Hyvinvointialue"},"content":{"rendered":"\n<p>Kulttuurihyvinvointi kuuluu sote-uudistukseen osana kokonaisvaltaista hyvinvoinnin, terveyden ja osallisuuden edist\u00e4mist\u00e4. Taikusyd\u00e4n-yhteyspisteen tuottama videoluento kokoaa yhteen asioita, jotka on t\u00e4rke\u00e4 huomioida hyvinvointialueiden valmistelussa kulttuurihyvinvoinnin n\u00e4k\u00f6kulmasta. Video on tuotettu tammikuussa 2022 ja sen kesto on n. 30 minuuttia.<br><\/p>\n\n\n\n<figure class=\"wp-block-embed is-type-video is-provider-youtube wp-block-embed-youtube wp-embed-aspect-16-9 wp-has-aspect-ratio\"><div class=\"wp-block-embed__wrapper\">\n<iframe loading=\"lazy\" title=\"Kulttuurihyvinvointi sote-uudistuksessa -videoluento 18.1.2022\" width=\"500\" height=\"281\" src=\"https:\/\/www.youtube.com\/embed\/uCULLOGoqjA?feature=oembed\" frameborder=\"0\" allow=\"accelerometer; autoplay; clipboard-write; encrypted-media; gyroscope; picture-in-picture\" allowfullscreen><\/iframe>\n<\/div><\/figure>\n","protected":false},"excerpt":{"rendered":"<p>Kulttuurihyvinvointi kuuluu sote-uudistukseen osana kokonaisvaltaista hyvinvoinnin, terveyden ja osallisuuden edist\u00e4mist\u00e4. Taikusyd\u00e4n-yhteyspisteen tuottama videoluento kokoaa yhteen asioita, jotka on t\u00e4rke\u00e4 huomioida &hellip; <\/p>\n<p class=\"link-more\"><a href=\"https:\/\/www.kyhy.fi\/index.php\/hyvinvointialue\/\" class=\"more-link\">Continue reading<span class=\"screen-reader-text\"> &#8221;Hyvinvointialue&#8221;<\/span><\/a><\/p>\n","protected":false},"author":2,"featured_media":0,"parent":0,"menu_order":0,"comment_status":"closed","ping_status":"closed","template":"","meta":{"footnotes":""},"_links":{"self":[{"href":"https:\/\/www.kyhy.fi\/index.php\/wp-json\/wp\/v2\/pages\/1188"}],"collection":[{"href":"https:\/\/www.kyhy.fi\/index.php\/wp-json\/wp\/v2\/pages"}],"about":[{"href":"https:\/\/www.kyhy.fi\/index.php\/wp-json\/wp\/v2\/types\/page"}],"author":[{"embeddable":true,"href":"https:\/\/www.kyhy.fi\/index.php\/wp-json\/wp\/v2\/users\/2"}],"replies":[{"embeddable":true,"href":"https:\/\/www.kyhy.fi\/index.php\/wp-json\/wp\/v2\/comments?post=1188"}],"version-history":[{"count":3,"href":"https:\/\/www.kyhy.fi\/index.php\/wp-json\/wp\/v2\/pages\/1188\/revisions"}],"predecessor-version":[{"id":1195,"href":"https:\/\/www.kyhy.fi\/index.php\/wp-json\/wp\/v2\/pages\/1188\/revisions\/1195"}],"wp:attachment":[{"href":"https:\/\/www.kyhy.fi\/index.php\/wp-json\/wp\/v2\/media?parent=1188"}],"curies":[{"name":"wp","href":"https:\/\/api.w.org\/{rel}","templated":true}]}}