{"id":453,"date":"2020-01-15T20:43:29","date_gmt":"2020-01-15T20:43:29","guid":{"rendered":"http:\/\/www.kyhy.fi\/?page_id=453"},"modified":"2022-04-21T20:01:25","modified_gmt":"2022-04-21T20:01:25","slug":"sanna-majander","status":"publish","type":"page","link":"https:\/\/www.kyhy.fi\/index.php\/sanna-majander\/","title":{"rendered":"Sanna Majander"},"content":{"rendered":"\n<p><\/p>\n\n\n\n<figure class=\"wp-block-image size-full\"><img loading=\"lazy\" decoding=\"async\" width=\"464\" height=\"618\" src=\"http:\/\/www.kyhy.fi\/wp-content\/uploads\/2020\/01\/Sanna20Majander_K\u00e4et2_2016.jpg\" alt=\"\" class=\"wp-image-446\" srcset=\"https:\/\/www.kyhy.fi\/wp-content\/uploads\/2020\/01\/Sanna20Majander_K\u00e4et2_2016.jpg 464w, https:\/\/www.kyhy.fi\/wp-content\/uploads\/2020\/01\/Sanna20Majander_K\u00e4et2_2016-225x300.jpg 225w\" sizes=\"(max-width: 464px) 100vw, 464px\" \/><\/figure>\n\n\n\n<p>Yhteis\u00f6lliset ty\u00f6pajat (kuvataide ja k\u00e4sity\u00f6), taidekonseptointi, sisustussuunnittelu. Kuvataide- ja k\u00e4sity\u00f6pajoissa tarjotaan mielek\u00e4st\u00e4 tekemist\u00e4, jolla voidaan vaikuttaa yhteis\u00f6jen viihtyvyyteen ja hyvinvointiin taiteen keinoin. Luottamus ja avoin vuorovaikutus vahvistaa kokemusta itsest\u00e4 ja omasta elinymp\u00e4rist\u00f6st\u00e4. Kohderyhmin\u00e4 lapset, nuoret, vanhukset, omaiset, ty\u00f6yhteis\u00f6t, organisaatioiden johto, erityisryhm\u00e4t.<br><br><strong>Sanna Majander<\/strong><br>tekstiili- ja yhteis\u00f6taiteilija, TaM<br>Puh. 050 3408934<br><a href=\"mailto:sanna.majander@gmail.com\">sanna.majander@gmail.com<\/a>  <br><a aria-label=\"www.finnishdesigners.fi\/portfolio\/sanna.majander (avautuu uudessa v\u00e4lilehdess\u00e4)\" rel=\"noreferrer noopener\" href=\"http:\/\/www.finnishdesigners.fi\/portfolio\/sanna.majander\" target=\"_blank\">www.finnishdesigners.fi\/portfolio\/sanna.majander<\/a>  <br>Kouvola <\/p>\n","protected":false},"excerpt":{"rendered":"<p>Yhteis\u00f6lliset ty\u00f6pajat (kuvataide ja k\u00e4sity\u00f6), taidekonseptointi, sisustussuunnittelu. Kuvataide- ja k\u00e4sity\u00f6pajoissa tarjotaan mielek\u00e4st\u00e4 tekemist\u00e4, jolla voidaan vaikuttaa yhteis\u00f6jen viihtyvyyteen ja hyvinvointiin &hellip; <\/p>\n<p class=\"link-more\"><a href=\"https:\/\/www.kyhy.fi\/index.php\/sanna-majander\/\" class=\"more-link\">Continue reading<span class=\"screen-reader-text\"> &#8221;Sanna Majander&#8221;<\/span><\/a><\/p>\n","protected":false},"author":2,"featured_media":0,"parent":0,"menu_order":0,"comment_status":"closed","ping_status":"closed","template":"","meta":{"footnotes":""},"_links":{"self":[{"href":"https:\/\/www.kyhy.fi\/index.php\/wp-json\/wp\/v2\/pages\/453"}],"collection":[{"href":"https:\/\/www.kyhy.fi\/index.php\/wp-json\/wp\/v2\/pages"}],"about":[{"href":"https:\/\/www.kyhy.fi\/index.php\/wp-json\/wp\/v2\/types\/page"}],"author":[{"embeddable":true,"href":"https:\/\/www.kyhy.fi\/index.php\/wp-json\/wp\/v2\/users\/2"}],"replies":[{"embeddable":true,"href":"https:\/\/www.kyhy.fi\/index.php\/wp-json\/wp\/v2\/comments?post=453"}],"version-history":[{"count":5,"href":"https:\/\/www.kyhy.fi\/index.php\/wp-json\/wp\/v2\/pages\/453\/revisions"}],"predecessor-version":[{"id":1065,"href":"https:\/\/www.kyhy.fi\/index.php\/wp-json\/wp\/v2\/pages\/453\/revisions\/1065"}],"wp:attachment":[{"href":"https:\/\/www.kyhy.fi\/index.php\/wp-json\/wp\/v2\/media?parent=453"}],"curies":[{"name":"wp","href":"https:\/\/api.w.org\/{rel}","templated":true}]}}