{"id":533,"date":"2020-01-28T16:19:09","date_gmt":"2020-01-28T16:19:09","guid":{"rendered":"http:\/\/www.kyhy.fi\/?page_id=533"},"modified":"2022-04-21T19:52:10","modified_gmt":"2022-04-21T19:52:10","slug":"anu-hedborg","status":"publish","type":"page","link":"https:\/\/www.kyhy.fi\/index.php\/anu-hedborg\/","title":{"rendered":"Anu Hedborg"},"content":{"rendered":"\n<p><\/p>\n\n\n\n<figure class=\"wp-block-image size-full\"><img loading=\"lazy\" decoding=\"async\" width=\"940\" height=\"788\" src=\"http:\/\/www.kyhy.fi\/wp-content\/uploads\/2020\/01\/Anu-1.png\" alt=\"\" class=\"wp-image-532\" srcset=\"https:\/\/www.kyhy.fi\/wp-content\/uploads\/2020\/01\/Anu-1.png 940w, https:\/\/www.kyhy.fi\/wp-content\/uploads\/2020\/01\/Anu-1-300x251.png 300w, https:\/\/www.kyhy.fi\/wp-content\/uploads\/2020\/01\/Anu-1-768x644.png 768w\" sizes=\"(max-width: 767px) 89vw, (max-width: 1000px) 54vw, (max-width: 1071px) 543px, 580px\" \/><\/figure>\n\n\n\n<p><em>Tavoitteenani on v\u00e4litt\u00e4\u00e4 valokuvillani tunteita ja tarinoita sek\u00e4&nbsp; luonnon yksityiskohtien vetovoimaa ja v\u00e4rien voimaa.<\/em><\/p>\n\n\n\n<p>Toteutan vuorovaikutteisia luentoja ja ty\u00f6pajoja valokuvien kanssa esim. naiseuskuvien, luonto- ja milj\u00f6\u00f6kuvien&nbsp; ja muistikuvia mummolasta pohjalta. Mit\u00e4 kuva her\u00e4tt\u00e4\u00e4 minussa ja mit\u00e4 kuvassa on tuttua, joka voisi olla osa my\u00f6s minun tarinaa? &#8211; n\u00e4it\u00e4 kysymyksi\u00e4 haluan my\u00f6s her\u00e4tt\u00e4\u00e4 valokuvillani n\u00e4yttelyideni kautta. Valokuvauksessa k\u00e4yt\u00e4n eheytt\u00e4v\u00e4n taideterapian otetta ja n\u00e4k\u00f6kulmaa.<\/p>\n\n\n\n<p>Miten yhdistell\u00e4 erilaisia v\u00e4rej\u00e4 ja materiaaleja osana sisustusta ja hyvinvointiamme? Mit\u00e4 v\u00e4rit aiheuttavat meiss\u00e4? Mik\u00e4 luo turvallisuutta asumiseen? Kuinka voimme huomioida ymp\u00e4rist\u00f6\u00e4 sisustusvalinnoissamme? On t\u00e4rke\u00e4\u00e4 millaisessa ymp\u00e4rist\u00f6ss\u00e4 ihminen viett\u00e4\u00e4 aikaansa. Sisustukseen ja v\u00e4reihin liittyvi\u00e4 luentoja. <\/p>\n\n\n\n<p><strong>Anu Hedborg<\/strong><br>valokuvaus | sisustussuunnittelu | taideterapiaohjaus<br>Puh. 040 7094 940| <br>anu@tunnelmantekija.fi<br><a rel=\"noreferrer noopener\" aria-label=\"www.tunnelmakuva.fi (avautuu uudessa v\u00e4lilehdess\u00e4)\" href=\"http:\/\/www.tunnelmakuva.fi\" target=\"_blank\">www.tunnelmakuva.fi<\/a> | <a rel=\"noreferrer noopener\" aria-label=\"www.tunnelmantekija.fi (avautuu uudessa v\u00e4lilehdess\u00e4)\" href=\"http:\/\/www.tunnelmantekija.fi\" target=\"_blank\">www.tunnelmantekija.fi<\/a>\u00a0 <br>FB ja IG@anuhedborg_photography<br>Kouvola<\/p>\n","protected":false},"excerpt":{"rendered":"<p>Tavoitteenani on v\u00e4litt\u00e4\u00e4 valokuvillani tunteita ja tarinoita sek\u00e4&nbsp; luonnon yksityiskohtien vetovoimaa ja v\u00e4rien voimaa. Toteutan vuorovaikutteisia luentoja ja ty\u00f6pajoja valokuvien &hellip; <\/p>\n<p class=\"link-more\"><a href=\"https:\/\/www.kyhy.fi\/index.php\/anu-hedborg\/\" class=\"more-link\">Continue reading<span class=\"screen-reader-text\"> &#8221;Anu Hedborg&#8221;<\/span><\/a><\/p>\n","protected":false},"author":2,"featured_media":0,"parent":0,"menu_order":0,"comment_status":"closed","ping_status":"closed","template":"","meta":{"footnotes":""},"_links":{"self":[{"href":"https:\/\/www.kyhy.fi\/index.php\/wp-json\/wp\/v2\/pages\/533"}],"collection":[{"href":"https:\/\/www.kyhy.fi\/index.php\/wp-json\/wp\/v2\/pages"}],"about":[{"href":"https:\/\/www.kyhy.fi\/index.php\/wp-json\/wp\/v2\/types\/page"}],"author":[{"embeddable":true,"href":"https:\/\/www.kyhy.fi\/index.php\/wp-json\/wp\/v2\/users\/2"}],"replies":[{"embeddable":true,"href":"https:\/\/www.kyhy.fi\/index.php\/wp-json\/wp\/v2\/comments?post=533"}],"version-history":[{"count":4,"href":"https:\/\/www.kyhy.fi\/index.php\/wp-json\/wp\/v2\/pages\/533\/revisions"}],"predecessor-version":[{"id":1044,"href":"https:\/\/www.kyhy.fi\/index.php\/wp-json\/wp\/v2\/pages\/533\/revisions\/1044"}],"wp:attachment":[{"href":"https:\/\/www.kyhy.fi\/index.php\/wp-json\/wp\/v2\/media?parent=533"}],"curies":[{"name":"wp","href":"https:\/\/api.w.org\/{rel}","templated":true}]}}