{"id":596,"date":"2022-03-31T19:23:30","date_gmt":"2022-03-31T19:23:30","guid":{"rendered":"https:\/\/www.kyhy.fi\/?page_id=596"},"modified":"2022-04-21T19:54:27","modified_gmt":"2022-04-21T19:54:27","slug":"henna-makelin","status":"publish","type":"page","link":"https:\/\/www.kyhy.fi\/index.php\/henna-makelin\/","title":{"rendered":"Henna M\u00e4kelin"},"content":{"rendered":"\n<figure class=\"wp-block-image size-large\"><img loading=\"lazy\" decoding=\"async\" width=\"1024\" height=\"683\" src=\"http:\/\/www.kyhy.fi\/wp-content\/uploads\/2022\/03\/Henna-Makelin-syopakortti_E0A2325V-1024x683.jpg\" alt=\"\" class=\"wp-image-597\" srcset=\"https:\/\/www.kyhy.fi\/wp-content\/uploads\/2022\/03\/Henna-Makelin-syopakortti_E0A2325V-1024x683.jpg 1024w, https:\/\/www.kyhy.fi\/wp-content\/uploads\/2022\/03\/Henna-Makelin-syopakortti_E0A2325V-300x200.jpg 300w, https:\/\/www.kyhy.fi\/wp-content\/uploads\/2022\/03\/Henna-Makelin-syopakortti_E0A2325V-768x512.jpg 768w, https:\/\/www.kyhy.fi\/wp-content\/uploads\/2022\/03\/Henna-Makelin-syopakortti_E0A2325V-1536x1024.jpg 1536w, https:\/\/www.kyhy.fi\/wp-content\/uploads\/2022\/03\/Henna-Makelin-syopakortti_E0A2325V-2048x1365.jpg 2048w\" sizes=\"(max-width: 767px) 89vw, (max-width: 1000px) 54vw, (max-width: 1071px) 543px, 580px\" \/><\/figure>\n\n\n\n<p><br>Sanailija eli Henna M\u00e4kelin on toimittaja, kirjailija ja kirjoittajaohjaaja.<\/p>\n\n\n\n<p>Koulutukset, kurssit ja ty\u00f6pajat r\u00e4\u00e4t\u00e4l\u00f6id\u00e4\u00e4n asiakkaan tarpeita varten.<\/p>\n\n\n\n<p>Ota yhteytt\u00e4 <a href=\"mailto:henna@sanailija.com\">henna@sanailija.com<\/a> <br>Kouvola <\/p>\n","protected":false},"excerpt":{"rendered":"<p>Sanailija eli Henna M\u00e4kelin on toimittaja, kirjailija ja kirjoittajaohjaaja. Koulutukset, kurssit ja ty\u00f6pajat r\u00e4\u00e4t\u00e4l\u00f6id\u00e4\u00e4n asiakkaan tarpeita varten. Ota yhteytt\u00e4 henna@sanailija.com &hellip; <\/p>\n<p class=\"link-more\"><a href=\"https:\/\/www.kyhy.fi\/index.php\/henna-makelin\/\" class=\"more-link\">Continue reading<span class=\"screen-reader-text\"> &#8221;Henna M\u00e4kelin&#8221;<\/span><\/a><\/p>\n","protected":false},"author":2,"featured_media":0,"parent":0,"menu_order":0,"comment_status":"closed","ping_status":"closed","template":"","meta":{"footnotes":""},"_links":{"self":[{"href":"https:\/\/www.kyhy.fi\/index.php\/wp-json\/wp\/v2\/pages\/596"}],"collection":[{"href":"https:\/\/www.kyhy.fi\/index.php\/wp-json\/wp\/v2\/pages"}],"about":[{"href":"https:\/\/www.kyhy.fi\/index.php\/wp-json\/wp\/v2\/types\/page"}],"author":[{"embeddable":true,"href":"https:\/\/www.kyhy.fi\/index.php\/wp-json\/wp\/v2\/users\/2"}],"replies":[{"embeddable":true,"href":"https:\/\/www.kyhy.fi\/index.php\/wp-json\/wp\/v2\/comments?post=596"}],"version-history":[{"count":2,"href":"https:\/\/www.kyhy.fi\/index.php\/wp-json\/wp\/v2\/pages\/596\/revisions"}],"predecessor-version":[{"id":1050,"href":"https:\/\/www.kyhy.fi\/index.php\/wp-json\/wp\/v2\/pages\/596\/revisions\/1050"}],"wp:attachment":[{"href":"https:\/\/www.kyhy.fi\/index.php\/wp-json\/wp\/v2\/media?parent=596"}],"curies":[{"name":"wp","href":"https:\/\/api.w.org\/{rel}","templated":true}]}}