{"id":605,"date":"2022-03-31T19:34:13","date_gmt":"2022-03-31T19:34:13","guid":{"rendered":"https:\/\/www.kyhy.fi\/?page_id=605"},"modified":"2022-04-21T19:58:45","modified_gmt":"2022-04-21T19:58:45","slug":"marja-seppala","status":"publish","type":"page","link":"https:\/\/www.kyhy.fi\/index.php\/marja-seppala\/","title":{"rendered":"Marja Sepp\u00e4l\u00e4"},"content":{"rendered":"\n<figure class=\"wp-block-image size-large\"><img loading=\"lazy\" decoding=\"async\" width=\"1024\" height=\"1024\" src=\"http:\/\/www.kyhy.fi\/wp-content\/uploads\/2022\/04\/IMG_9585-1024x1024.jpg\" alt=\"\" class=\"wp-image-764\" srcset=\"https:\/\/www.kyhy.fi\/wp-content\/uploads\/2022\/04\/IMG_9585-1024x1024.jpg 1024w, https:\/\/www.kyhy.fi\/wp-content\/uploads\/2022\/04\/IMG_9585-300x300.jpg 300w, https:\/\/www.kyhy.fi\/wp-content\/uploads\/2022\/04\/IMG_9585-150x150.jpg 150w, https:\/\/www.kyhy.fi\/wp-content\/uploads\/2022\/04\/IMG_9585-768x768.jpg 768w, https:\/\/www.kyhy.fi\/wp-content\/uploads\/2022\/04\/IMG_9585-1536x1536.jpg 1536w, https:\/\/www.kyhy.fi\/wp-content\/uploads\/2022\/04\/IMG_9585-2048x2048.jpg 2048w, https:\/\/www.kyhy.fi\/wp-content\/uploads\/2022\/04\/IMG_9585-100x100.jpg 100w\" sizes=\"(max-width: 767px) 89vw, (max-width: 1000px) 54vw, (max-width: 1071px) 543px, 580px\" \/><\/figure>\n\n\n\n<p>Kuvataan n\u00e4kyville omia tai ty\u00f6yhteis\u00f6n vahvuuksia, itselle t\u00e4rkeit\u00e4 ja merkityksellisi\u00e4 asioita, iloa ja valoa, arjessa kantavia asioita. Lapsille, nuorille, vanhuksille, ty\u00f6yhteis\u00f6ille, muisteluty\u00f6h\u00f6n, ty\u00f6hyvinvoinnin tukemiseen, oman itsen voimaannuttamiseen.<\/p>\n\n\n\n<p><strong>Marja Sepp\u00e4l\u00e4 <\/strong><br>Valokuvaaja, voimauttavan valokuvan menetelm\u00e4ohjaaja<br>Puh. 040 5103494<br>sunkuva.marja@gmail.com  <br>Kulttuuriosuuskunta Komeetta \/ SunKuva<br><\/p>\n\n\n\n<p><a rel=\"noreferrer noopener\" href=\"http:\/\/www.sunkuva.fi\/\" data-type=\"URL\" data-id=\"http:\/\/www.sunkuva.fi\/\" target=\"_blank\">www.sunkuva.fi<\/a><br>FB: SunKuvaPhotography<br>Ig: @sun_kuva <br>Kouvola <\/p>\n","protected":false},"excerpt":{"rendered":"<p>Kuvataan n\u00e4kyville omia tai ty\u00f6yhteis\u00f6n vahvuuksia, itselle t\u00e4rkeit\u00e4 ja merkityksellisi\u00e4 asioita, iloa ja valoa, arjessa kantavia asioita. Lapsille, nuorille, vanhuksille, &hellip; <\/p>\n<p class=\"link-more\"><a href=\"https:\/\/www.kyhy.fi\/index.php\/marja-seppala\/\" class=\"more-link\">Continue reading<span class=\"screen-reader-text\"> &#8221;Marja Sepp\u00e4l\u00e4&#8221;<\/span><\/a><\/p>\n","protected":false},"author":2,"featured_media":0,"parent":0,"menu_order":0,"comment_status":"closed","ping_status":"closed","template":"","meta":{"footnotes":""},"_links":{"self":[{"href":"https:\/\/www.kyhy.fi\/index.php\/wp-json\/wp\/v2\/pages\/605"}],"collection":[{"href":"https:\/\/www.kyhy.fi\/index.php\/wp-json\/wp\/v2\/pages"}],"about":[{"href":"https:\/\/www.kyhy.fi\/index.php\/wp-json\/wp\/v2\/types\/page"}],"author":[{"embeddable":true,"href":"https:\/\/www.kyhy.fi\/index.php\/wp-json\/wp\/v2\/users\/2"}],"replies":[{"embeddable":true,"href":"https:\/\/www.kyhy.fi\/index.php\/wp-json\/wp\/v2\/comments?post=605"}],"version-history":[{"count":7,"href":"https:\/\/www.kyhy.fi\/index.php\/wp-json\/wp\/v2\/pages\/605\/revisions"}],"predecessor-version":[{"id":1059,"href":"https:\/\/www.kyhy.fi\/index.php\/wp-json\/wp\/v2\/pages\/605\/revisions\/1059"}],"wp:attachment":[{"href":"https:\/\/www.kyhy.fi\/index.php\/wp-json\/wp\/v2\/media?parent=605"}],"curies":[{"name":"wp","href":"https:\/\/api.w.org\/{rel}","templated":true}]}}