{"id":658,"date":"2022-04-05T03:38:22","date_gmt":"2022-04-05T03:38:22","guid":{"rendered":"https:\/\/www.kyhy.fi\/?page_id=658"},"modified":"2022-04-21T19:52:55","modified_gmt":"2022-04-21T19:52:55","slug":"eija-honkakoski","status":"publish","type":"page","link":"https:\/\/www.kyhy.fi\/index.php\/eija-honkakoski\/","title":{"rendered":"Eija Honkakoski"},"content":{"rendered":"\n<figure class=\"wp-block-image size-large\"><img loading=\"lazy\" decoding=\"async\" width=\"1024\" height=\"1019\" src=\"https:\/\/www.kyhy.fi\/wp-content\/uploads\/2022\/04\/eija_honkakoski-1024x1019.jpg\" alt=\"\" class=\"wp-image-656\" srcset=\"https:\/\/www.kyhy.fi\/wp-content\/uploads\/2022\/04\/eija_honkakoski-1024x1019.jpg 1024w, https:\/\/www.kyhy.fi\/wp-content\/uploads\/2022\/04\/eija_honkakoski-300x300.jpg 300w, https:\/\/www.kyhy.fi\/wp-content\/uploads\/2022\/04\/eija_honkakoski-150x150.jpg 150w, https:\/\/www.kyhy.fi\/wp-content\/uploads\/2022\/04\/eija_honkakoski-768x764.jpg 768w, https:\/\/www.kyhy.fi\/wp-content\/uploads\/2022\/04\/eija_honkakoski-100x100.jpg 100w, https:\/\/www.kyhy.fi\/wp-content\/uploads\/2022\/04\/eija_honkakoski.jpg 1080w\" sizes=\"(max-width: 767px) 89vw, (max-width: 1000px) 54vw, (max-width: 1071px) 543px, 580px\" \/><\/figure>\n\n\n\n<p>Soveltavaa teatteria ja draamaa sek\u00e4 teatteriopetusta ja teatteriohjausta. <br><br>Erityisen\u00e4 kohderyhm\u00e4n\u00e4 nuoret sek\u00e4 haavoittuvassa asemassa olevat erityisryhm\u00e4t, kuten miep\u00e4-kuntoutujat ja vangit. Ryhm\u00e4ytyst\u00e4 sek\u00e4 ryhm\u00e4ytyskoulutusta. Soveltavan teatterin ja draaman ty\u00f6kalujen koulutusta sote-ammattilaisille. Vahvuutena herkk\u00e4 kohtaaminen ja turvallisen ty\u00f6skentely-ymp\u00e4rist\u00f6n luominen.<br><br><strong>Eija Honkakoski<\/strong><br>Puh. 050 5590979<br>honkakeija@gmail.com <br>Kouvola<\/p>\n","protected":false},"excerpt":{"rendered":"<p>Soveltavaa teatteria ja draamaa sek\u00e4 teatteriopetusta ja teatteriohjausta. Erityisen\u00e4 kohderyhm\u00e4n\u00e4 nuoret sek\u00e4 haavoittuvassa asemassa olevat erityisryhm\u00e4t, kuten miep\u00e4-kuntoutujat ja vangit. &hellip; <\/p>\n<p class=\"link-more\"><a href=\"https:\/\/www.kyhy.fi\/index.php\/eija-honkakoski\/\" class=\"more-link\">Continue reading<span class=\"screen-reader-text\"> &#8221;Eija Honkakoski&#8221;<\/span><\/a><\/p>\n","protected":false},"author":2,"featured_media":0,"parent":0,"menu_order":0,"comment_status":"closed","ping_status":"closed","template":"","meta":{"footnotes":""},"_links":{"self":[{"href":"https:\/\/www.kyhy.fi\/index.php\/wp-json\/wp\/v2\/pages\/658"}],"collection":[{"href":"https:\/\/www.kyhy.fi\/index.php\/wp-json\/wp\/v2\/pages"}],"about":[{"href":"https:\/\/www.kyhy.fi\/index.php\/wp-json\/wp\/v2\/types\/page"}],"author":[{"embeddable":true,"href":"https:\/\/www.kyhy.fi\/index.php\/wp-json\/wp\/v2\/users\/2"}],"replies":[{"embeddable":true,"href":"https:\/\/www.kyhy.fi\/index.php\/wp-json\/wp\/v2\/comments?post=658"}],"version-history":[{"count":6,"href":"https:\/\/www.kyhy.fi\/index.php\/wp-json\/wp\/v2\/pages\/658\/revisions"}],"predecessor-version":[{"id":1046,"href":"https:\/\/www.kyhy.fi\/index.php\/wp-json\/wp\/v2\/pages\/658\/revisions\/1046"}],"wp:attachment":[{"href":"https:\/\/www.kyhy.fi\/index.php\/wp-json\/wp\/v2\/media?parent=658"}],"curies":[{"name":"wp","href":"https:\/\/api.w.org\/{rel}","templated":true}]}}