{"id":775,"date":"2022-04-17T12:10:43","date_gmt":"2022-04-17T12:10:43","guid":{"rendered":"https:\/\/www.kyhy.fi\/?page_id=775"},"modified":"2022-04-24T11:10:53","modified_gmt":"2022-04-24T11:10:53","slug":"anu-itkonen","status":"publish","type":"page","link":"https:\/\/www.kyhy.fi\/index.php\/anu-itkonen\/","title":{"rendered":"Anu Itkonen"},"content":{"rendered":"\n<figure class=\"wp-block-image size-full\"><img loading=\"lazy\" decoding=\"async\" width=\"508\" height=\"495\" src=\"http:\/\/www.kyhy.fi\/wp-content\/uploads\/2022\/04\/anu.jpg\" alt=\"\" class=\"wp-image-1117\" srcset=\"https:\/\/www.kyhy.fi\/wp-content\/uploads\/2022\/04\/anu.jpg 508w, https:\/\/www.kyhy.fi\/wp-content\/uploads\/2022\/04\/anu-300x292.jpg 300w\" sizes=\"(max-width: 508px) 100vw, 508px\" \/><\/figure>\n\n\n\n<p>Olen pitk\u00e4nlinjan tanssinopettaja ja ty\u00f6skentelen laajasti tanssinkent\u00e4ll\u00e4 eri ik\u00e4isten ja kaikenkuntoisten ihmisten kanssa. Ik\u00e4\u00e4ntyneille suunnatuissa tuokioissa kaikki harjoitukset tehd\u00e4\u00e4n istuen ja mielikuvia k\u00e4ytt\u00e4en. Vuodenajat ovat vahvasti tanssituokioissani l\u00e4sn\u00e4 sek\u00e4 lasten ett\u00e4 vanhempienkin kanssa.<br><br><strong>Anu Itkonen<\/strong><br>Tanssinopettaja Amk, L\u00e4hihoitaja, Logoterapian perusopinnot<br>Puh. 040 5904625<br>anuitkonen@hotmail.com<br>Kouvola\u00a0<\/p>\n","protected":false},"excerpt":{"rendered":"<p>Olen pitk\u00e4nlinjan tanssinopettaja ja ty\u00f6skentelen laajasti tanssinkent\u00e4ll\u00e4 eri ik\u00e4isten ja kaikenkuntoisten ihmisten kanssa. Ik\u00e4\u00e4ntyneille suunnatuissa tuokioissa kaikki harjoitukset tehd\u00e4\u00e4n istuen &hellip; <\/p>\n<p class=\"link-more\"><a href=\"https:\/\/www.kyhy.fi\/index.php\/anu-itkonen\/\" class=\"more-link\">Continue reading<span class=\"screen-reader-text\"> &#8221;Anu Itkonen&#8221;<\/span><\/a><\/p>\n","protected":false},"author":2,"featured_media":0,"parent":0,"menu_order":0,"comment_status":"closed","ping_status":"closed","template":"","meta":{"footnotes":""},"_links":{"self":[{"href":"https:\/\/www.kyhy.fi\/index.php\/wp-json\/wp\/v2\/pages\/775"}],"collection":[{"href":"https:\/\/www.kyhy.fi\/index.php\/wp-json\/wp\/v2\/pages"}],"about":[{"href":"https:\/\/www.kyhy.fi\/index.php\/wp-json\/wp\/v2\/types\/page"}],"author":[{"embeddable":true,"href":"https:\/\/www.kyhy.fi\/index.php\/wp-json\/wp\/v2\/users\/2"}],"replies":[{"embeddable":true,"href":"https:\/\/www.kyhy.fi\/index.php\/wp-json\/wp\/v2\/comments?post=775"}],"version-history":[{"count":4,"href":"https:\/\/www.kyhy.fi\/index.php\/wp-json\/wp\/v2\/pages\/775\/revisions"}],"predecessor-version":[{"id":1119,"href":"https:\/\/www.kyhy.fi\/index.php\/wp-json\/wp\/v2\/pages\/775\/revisions\/1119"}],"wp:attachment":[{"href":"https:\/\/www.kyhy.fi\/index.php\/wp-json\/wp\/v2\/media?parent=775"}],"curies":[{"name":"wp","href":"https:\/\/api.w.org\/{rel}","templated":true}]}}