{"id":782,"date":"2022-04-17T12:30:16","date_gmt":"2022-04-17T12:30:16","guid":{"rendered":"https:\/\/www.kyhy.fi\/?page_id=782"},"modified":"2023-12-06T22:11:17","modified_gmt":"2023-12-06T22:11:17","slug":"julkaisuja","status":"publish","type":"page","link":"https:\/\/www.kyhy.fi\/index.php\/julkaisuja\/","title":{"rendered":"Julkaisuja"},"content":{"rendered":"\n<p>Houni, Pia; Turpeinen, Isto; Vuolasto, Johanna<br><strong>Taidetta! Kulttuurihyvinvoinnin k\u00e4sikirja<\/strong><\/p>\n\n\n\n<p>Kainulainen, Pekka<br><strong>Taiteilija lastensuojeluty\u00f6ss\u00e4<\/strong><br><\/p>\n\n\n\n<figure class=\"wp-block-image size-medium\"><img loading=\"lazy\" decoding=\"async\" width=\"247\" height=\"300\" src=\"https:\/\/www.kyhy.fi\/wp-content\/uploads\/2022\/04\/KirjaTainaSemi-247x300.jpg\" alt=\"\" class=\"wp-image-1126\" srcset=\"https:\/\/www.kyhy.fi\/wp-content\/uploads\/2022\/04\/KirjaTainaSemi-247x300.jpg 247w, https:\/\/www.kyhy.fi\/wp-content\/uploads\/2022\/04\/KirjaTainaSemi.jpg 546w\" sizes=\"(max-width: 247px) 100vw, 247px\" \/><\/figure>\n\n\n\n<p>Semi, Taina<br><strong>El\u00e4k\u00f6\u00f6n luova hoiva muistity\u00f6ss\u00e4<\/strong><\/p>\n","protected":false},"excerpt":{"rendered":"<p>Houni, Pia; Turpeinen, Isto; Vuolasto, JohannaTaidetta! Kulttuurihyvinvoinnin k\u00e4sikirja Kainulainen, PekkaTaiteilija lastensuojeluty\u00f6ss\u00e4 Semi, TainaEl\u00e4k\u00f6\u00f6n luova hoiva muistity\u00f6ss\u00e4<\/p>\n","protected":false},"author":2,"featured_media":0,"parent":0,"menu_order":0,"comment_status":"closed","ping_status":"closed","template":"","meta":{"footnotes":""},"_links":{"self":[{"href":"https:\/\/www.kyhy.fi\/index.php\/wp-json\/wp\/v2\/pages\/782"}],"collection":[{"href":"https:\/\/www.kyhy.fi\/index.php\/wp-json\/wp\/v2\/pages"}],"about":[{"href":"https:\/\/www.kyhy.fi\/index.php\/wp-json\/wp\/v2\/types\/page"}],"author":[{"embeddable":true,"href":"https:\/\/www.kyhy.fi\/index.php\/wp-json\/wp\/v2\/users\/2"}],"replies":[{"embeddable":true,"href":"https:\/\/www.kyhy.fi\/index.php\/wp-json\/wp\/v2\/comments?post=782"}],"version-history":[{"count":5,"href":"https:\/\/www.kyhy.fi\/index.php\/wp-json\/wp\/v2\/pages\/782\/revisions"}],"predecessor-version":[{"id":2104,"href":"https:\/\/www.kyhy.fi\/index.php\/wp-json\/wp\/v2\/pages\/782\/revisions\/2104"}],"wp:attachment":[{"href":"https:\/\/www.kyhy.fi\/index.php\/wp-json\/wp\/v2\/media?parent=782"}],"curies":[{"name":"wp","href":"https:\/\/api.w.org\/{rel}","templated":true}]}}